e 0 = 3*l + m - 31. What is the units digit of l?
0
Suppose 0 = -5*n - 0*w - 4*w + 17, 4*w = 2*n - 18. Suppose 3*c - 8*c + 70 = 5*q, -38 = -5*q + 3*c. What is the units digit of (-2)/n + 84/q?
8
Let u = 0 - -2. Suppose 0 = -0*f - u*f + 8. Suppose j = 5*r - 0*j - 9, 3*r + f*j + 13 = 0. What is the units digit of r?
1
Let k = 38 - 26. Suppose -4*q = -q + k. What is the units digit of q + 9 - (-2 + 1)?
6
Let q(h) = h**2 - 4*h + 5. Let n be q(4). Let k(p) = -p**3 + 4*p**2 + 5*p - 5. Let i be k(n). Let u = i - -6. What is the units digit of u?
1
Let r(q) = -15*q + 11. Let b(x) = -31*x + 21. Let a(y) = -6*b(y) + 11*r(y). What is the tens digit of a(2)?
3
Let v(o) = 61*o**2 - 7*o + 5. What is the tens digit of v(2)?
3
Let i = 34 - 20. Let v = i - 0. What is the tens digit of v?
1
What is the units digit of 17 + 4*(-4)/(-8)?
9
Let a be (3 - 10/3)*-3. Let r be (a + 0 + 3)*1. Suppose 3*n + 54 = 3*f, -2*n + 96 = 5*f - r*n. What is the units digit of f?
0
Let h(u) = -2*u + 4. Let x be h(-6). Suppose l = -3*l + x. Suppose -w + l = -0. What is the units digit of w?
4
Suppose t + 0*t = -4. Suppose 6*v - 3*v = 21. Let s = t + v. What is the units digit of s?
3
Let f = -1 + 31. What is the units digit of f - (2 - (3 + 1))?
2
Let h be 0*(-2 - (-5)/2). Let s = -2 + h. What is the units digit of (-2)/6*s*3?
2
Suppose -154 + 42 = -2*b. What is the tens digit of b?
5
Let l = 24 + -17. Suppose 3*s = l - 1. What is the units digit of s?
2
What is the units digit of (-4)/18 + 58/18?
3
Let r = -6 + 9. Let u = 16 - r. What is the units digit of u?
3
Suppose 3*a - 3 = -0. Let t = 1 + a. Suppose -t*p = 2*p - 8. What is the units digit of p?
2
Let o(h) = h**3 + 5*h**2 - 7*h - 6. Let v be o(-6). Let l(z) = -4*z - 2. Let b be l(-3). Suppose v*j + j - b = 0. What is the units digit of j?
0
Suppose -6*g = -10*g + 20. Suppose -5*v = 25, 4*v + 110 = -2*n + g*n. What is the units digit of n?
0
Let o(h) = -5*h**2 + 3*h**2 + 2*h + 0 + 2. Let b be o(2). What is the units digit of 50/4 - b/(-4)?
2
Suppose -2*z - 3*z = -85. Let q be 6/(5/(20/8)). Suppose -q*r = -7 - z. What is the units digit of r?
8
Suppose -2*v = -3*u + u + 6, 0 = -3*v + 9. Let g = -6 - -16. Suppose -g = l - u*l. What is the units digit of l?
2
Let q = -93 - -165. What is the tens digit of q?
7
Suppose -3*s + 26 = -46. What is the tens digit of s?
2
Let d = -52 - -82. What is the tens digit of d?
3
Suppose 2*a = -5*s + 156, -2*a + 4*s + 71 + 49 = 0. What is the units digit of a?
8
Let z = -26 - -44. What is the units digit of z?
8
Let n(y) = 3*y**2 + 4*y + 2. Let t be n(-2). Let l = t + -4. What is the units digit of l?
2
What is the units digit of (-2)/(-3)*-3 - (-188 + -2)?
8
Let z be (28/8)/((-1)/2). Let h(w) = -w**3 - 8*w**2 - 9*w - 7. Let v be h(z). What is the units digit of (36/(-21))/((-1)/v)?
2
Suppose 4*k - 233 = -9. Let o = k + -23. What is the units digit of o?
3
Let l(b) = 7*b**2 + 3. What is the tens digit of l(4)?
1
Let h be 3/(-9) - (-10)/(-6). Let m be -1*13*-1 - h. What is the units digit of ((-10)/m)/((-2)/9)?
3
Suppose 0 = -0*c - 4*c + 500. What is the tens digit of c/4 + (-3)/(-4)?
3
Let q be (-4)/16 + 26/8. Suppose 3*u + 3*g - 60 = -9, -q*u = 5*g - 53. What is the tens digit of u?
1
Let x(v) = -v**3 + 3*v**2 + 2. Suppose 3*h - 13 = p, h + 3*h + p = 8. Let g be x(h). What is the units digit of g + 3/(-3) + 0?
1
Let s(l) = 45*l**3 - l. What is the tens digit of s(1)?
4
Suppose i = 3*i - 10. What is the units digit of i?
5
Let b(n) = -2*n + n + 2*n - 6 + 3*n. What is the tens digit of b(4)?
1
Suppose -3*d + 157 = -4*j, -j - 132 = -3*d + 31. What is the tens digit of d?
5
Let n(i) be the third derivative of i**6/120 - i**5/12 + i**4/8 - i**3/3 - i**2. Let w be n(4). What is the units digit of w/(2 - 1 - 2)?
6
Let n = -1340 - -548. What is the tens digit of n/(-28) + (-4)/14?
2
Let l(h) = h - 1. Let u be l(3). Suppose 2*j + 0 = -u. What is the units digit of -4*(j + 2/4)?
2
Let o be 8/(3 - 1) - -2. What is the units digit of (-24 - 3)*(-2)/o?
9
Suppose i + 2*i = 105. Suppose c + 4*c = 3*w + i, -4*c + 5*w + 28 = 0. What is the units digit of c?
7
Let n be ((-122)/4)/(3/(-30)). Suppose 5*s + 5 = 0, -n = -4*c + 4*s - 105. Suppose t - 13 = -f, -t + c = 5*f - 0*t. What is the units digit of f?
9
Suppose 4*j = 5 + 3. Suppose -j + 20 = t. Suppose 0 = -2*y - n + t, 4*y - 36 + 2 = -3*n. What is the tens digit of y?
1
Let g(m) = m**3 - 15*m**2 + 22*m - 21. What is the units digit of g(14)?
1
Let r(h) = -h**2 - 6*h + 4. Let q be r(-7). Let w = q - -9. Suppose w*x = 4*x + 24. What is the units digit of x?
2
Suppose 0 = -2*v - 4 - 0. Let o = 3 + v. Let h(x) = 20*x**2 + x - 1. What is the tens digit of h(o)?
2
Let g(j) = 4*j**2 - 2*j + 1. Let l be g(1). Suppose t + 3*t = -f + 8, l*f + 6 = 3*t. What is the units digit of t?
2
Let d = 1 + 4. What is the units digit of (2 + 7)*(d + -3)?
8
Suppose -2*c - 6 = -c. Let w = c + 8. What is the units digit of (2 - 4)*(-5)/w?
5
Let p = 143 - -25. Suppose -28 = 4*c - p. What is the tens digit of c?
3
Suppose 3*p - 18 = -0*p. What is the units digit of p?
6
Let r be (-1*2*-4)/2. Suppose -5*p - 6 = r, 4*b - p - 18 = 0. Suppose -b*f + 26 = -2*c, -4*c = 4*f - 2*f - 28. What is the units digit of f?
8
Let z = -48 - -227. What is the units digit of z?
9
Suppose n - 280 = -4*n. Let j = -21 + n. What is the units digit of j?
5
Suppose 12*j + 258 = 15*j. What is the tens digit of j?
8
Suppose -5*u + 4*m + 14 = 0, -3*u + 4 = -m + 3*m. Let z(t) = -t**2 + 3*t - 1. What is the units digit of z(u)?
1
Let y(c) = c - 2. Let h(x) = -3. Let b(a) = -2*h(a) + 3*y(a). What is the units digit of b(6)?
8
Suppose -2*c = 3*r - 6, 2*r + 3*c = 6*c + 4. Suppose -r - 32 = -u. What is the tens digit of u?
3
Suppose 3*v - 156 = -v. What is the units digit of v?
9
Let b(x) = -2*x - 2*x - 1 + 7*x**2 + 5*x. Let a be b(1). Suppose a = m - 2. What is the units digit of m?
9
Suppose -f - 123 = -4*u, -3*u = 2*f - 67 - 28. What is the units digit of u?
1
Let o(d) be the second derivative of d**3/3 - d**2 - d. Let h be o(4). Let r = -3 + h. What is the units digit of r?
3
Suppose 65 = 5*u + 3*b - 57, -2*u - 4*b = -46. What is the units digit of -2*1 - u/(-5)?
3
Suppose 4*h = h - 6, -g - 2*h = 0. Suppose 2*l + 2 = 4*x, -l - g*x = x - 20. What is the units digit of l?
5
Let n(t) = -1. Let i(v) = v. Let w(g) = i(g) - 3*n(g). What is the units digit of w(3)?
6
What is the units digit of 339/18 + 4/24?
9
Suppose v = -v + 4. What is the tens digit of ((-10)/6 + v)*45?
1
What is the units digit of (-1525)/(-35) - (-12)/(-21)?
3
Suppose -3*p - 35 = -3*n - 2*p, -4*n = 3*p - 25. What is the units digit of n/2 + (-8)/4?
3
Let d(q) = -8*q + 1. Let i(p) = -p + 1. Let w(u) = -d(u) - 2*i(u). What is the units digit of w(3)?
7
What is the tens digit of 2/5 + (-504)/(-15)?
3
Let k(i) = -23*i - 4. What is the tens digit of k(-2)?
4
Suppose -1180 = -13*b + 3*b. What is the units digit of b?
8
Suppose v + v - 10 = 0. Suppose v*r - 17 = 63. What is the tens digit of r?
1
Let n = -7 - -9. Suppose -3*j - 16 = -n*d + d, -3*j = 4*d + 11. What is the units digit of d?
1
Suppose -t + 2*t = -2*m + 362, 0 = -3*m - 3*t + 546. What is the units digit of m?
0
Let y(c) = -c**3 - 3*c + 3. Let k(d) = 2*d**3 + d**2 + 6*d - 6. Let z(g) = 3*k(g) + 5*y(g). Let u be z(-3). What is the units digit of ((-24)/2)/(u/8)?
8
Suppose 5*l - 45 = -5*f, 0*f + 4*l = 2*f - 42. What is the units digit of f?
3
Let v(i) = -i**3 - 6*i**2 - 6. Let d be v(-8). Let j be d/(-18) + 2/(-9). Let r(u) = -u - 1. What is the units digit of r(j)?
6
Suppose -2*m + 3*m = 0. Suppose m = -9*d + 4*d + 105. What is the tens digit of d?
2
Suppose -91 = -2*j + 107. What is the units digit of j?
9
Suppose -2*f + 2*t + 268 = 0, 4*f + 5*t = f + 386. Suppose -2*z - 28 = g, 4*g + 2*z + f = -g. What is the units digit of (0 + g)*(-2)/4?
3
Let m(r) = -r**2 - 15*r. Let g be m(-8). Let u = -38 + g. What is the units digit of u?
8
What is the hundreds digit of (228/(-7))/((-12)/42)?
1
Suppose x - 68 = -11. What is the tens digit of x?
5
Suppose 0 = 3*w - 2*j + 2, 7*w - 9 = 3*w + 5*j. Let o(l) = -3*l + 4. What is the tens digit of o(w)?
1
Let t(f) = 5*f**2 + 9*f + 19. Let q(g) = -4*g**2 - 9*g - 18. Let b(z) = -4*q(z) - 3*t(z). What is the tens digit of b(-10)?
2
Suppose 3*r - 2*r + 5*q = -7, -2